s 8 a factor of m?
True
Suppose 4*g - 5 = 5*a + 8, -3*g + 4 = 2*a. Suppose 3*d - g*h + 0*h - 126 = 0, d - 3*h - 35 = 0. Is 9 a factor of d?
False
Let o = 13 + 14. Does 9 divide o?
True
Let d = -463 + 693. Suppose 4*v + d = 5*z, -z + 69 = z + 3*v. Suppose z = -0*p + 3*p. Is 14 a factor of p?
True
Let a = -10 - -220. Is 42 a factor of a?
True
Let i(t) = 2*t - 5 - 2 + 0 + 2*t**2 + 7*t. Is 18 a factor of i(-8)?
False
Suppose 0 = 4*f - 19 - 81. Suppose -4*l + 2*a - f = -75, 4*a = 12. Is 4 a factor of l?
False
Suppose r = -3*r - 16. Let a(u) = 3*u**2 - 2*u - 8. Does 12 divide a(r)?
True
Let d = 54 + -29. Is 8 a factor of d?
False
Let o be ((-3)/2)/((-3)/8). Let v be (o/6)/((-2)/(-27)). Is v - ((-4)/(-1))/2 a multiple of 3?
False
Let r = 44 + 12. Suppose 0 = -2*w + 6*w - r. Does 3 divide w?
False
Let r = 3 - -1. Is 5 - r - (0 - 6) a multiple of 7?
True
Let c be (66/5)/((-7)/(-35)). Let w = c + -47. Is 19 a factor of w?
True
Is 3 a factor of ((-20)/12)/(1/(-9))?
True
Let l(a) = -a + 4. Let f be l(6). Let j(v) = 7*v**2 - 2*v - 2. Is j(f) a multiple of 15?
True
Suppose -12*w + 6*w = -66. Is w a multiple of 3?
False
Suppose 0*t + 4*b = -4*t + 64, 0 = -4*t + 3*b + 64. Suppose -y = -5*y - t. Is (-6)/y - (-27)/2 a multiple of 6?
False
Let j be (231 - -4) + (-1 - -1). Suppose j = 5*l - 25. Is 26 a factor of l?
True
Let x(i) = 2*i**2 - 8*i. Does 24 divide x(6)?
True
Suppose 0 = 3*b + 5*c - 139, 2*b - 13 = c + 84. Is 12 a factor of b?
True
Suppose 0*k = -k. Suppose -2*x = -4*u - 3*x + 94, 4*u - 5*x - 106 = k. Is 12 a factor of u?
True
Let a = -9 - -14. Suppose a*d = -5*l + 15, -44 = -3*d + 5*l - l. Is d a multiple of 8?
True
Let j be (2 + (2 - 5))*-1. Suppose b - j = 1. Suppose -b*u = 2*u - 128. Does 12 divide u?
False
Suppose u - 8 = -55. Let b = u + 80. Is 6 a factor of b?
False
Let y = -2 - -4. Let g = 0 + y. Suppose -2*p - k = -52 - 17, g*p - k = 59. Does 17 divide p?
False
Let c(g) = 2*g - 4. Suppose o + 5*m = 23, -2*m + m = -o - 1. Let s be c(o). Suppose -2*v + 2 + 4 = -s*q, 4*v + 3*q - 47 = 0. Does 4 divide v?
True
Let y(f) = 2*f**3 - 7*f**2 - 15*f + 5. Let q(s) = -s**3 + 4*s**2 + 7*s - 3. Let x(g) = 9*q(g) + 4*y(g). Is x(8) a multiple of 5?
False
Suppose 2*q - 230 = w, 3*q - 2*q = w + 114. Is 13 a factor of q?
False
Let x be 0*(-2)/8 - -2. Let l = 59 - 42. Suppose -x*r = -l - 1. Is r a multiple of 9?
True
Suppose 0 = -0*t + 2*t + 4. Let b be t + (0 - -2 - -4). Suppose b*w = 0, w - 6*w + 16 = y. Is 8 a factor of y?
True
Suppose -2*k = k - 6. Suppose 3*r - 2 = 49. Does 17 divide (r/k)/((-1)/(-2))?
True
Let o = 198 + -135. Does 4 divide o?
False
Let o = 24 - 17. Let i = -5 + o. Does 3 divide (2 - (-1)/1) + i?
False
Suppose i + 0*i + 2 = 0. Let t(v) = -2*v**3 - 3*v**2 - 2*v + 2. Is t(i) a multiple of 10?
True
Suppose 0 = 2*p - 6*p. Is 12 a factor of (-12)/(1/(-3) + p)?
True
Suppose 5 + 7 = 4*q. Suppose n = 5*m + 73, -153 = q*n - 5*n + 3*m. Suppose -u + n = 2*u. Is u a multiple of 17?
False
Suppose -2*r - 2*k + 0*k + 4 = 0, 2*r - 5*k - 4 = 0. Suppose 10 = 5*p - p + 3*n, 2*p - r*n - 12 = 0. Let j(v) = v**3 - 5*v**2 + 6*v - 4. Does 3 divide j(p)?
False
Is 16 a factor of 2 + -3 + -1 - (-159)/3?
False
Let l(n) = n**3 + 4*n**2 - 4*n + 6. Let t be l(-5). Suppose 4*g = 5*o + 14, 5*g = 3*o + 23 + t. Does 6 divide g?
True
Suppose -5*a - 52 + 242 = 0. Is a a multiple of 21?
False
Let a(l) = -l**2 - 10*l + 12. Let o be a(-12). Does 13 divide ((-222)/o)/(1/2)?
False
Let m = -40 + 20. Is (-114)/(-4) - 10/m a multiple of 12?
False
Let i = 103 - 53. Is i a multiple of 39?
False
Suppose r + r - 4*x - 88 = 0, 0 = r + 3*x - 34. Is 10 a factor of r?
True
Let w be (-2)/8 - (-1)/4. Does 19 divide (w - (-3 + -46)) + 3?
False
Suppose -v = 4*v - 20. Suppose -v*t = -2*t - 40. Does 14 divide t?
False
Is (12/(-7))/(36/(-882)) a multiple of 14?
True
Let c(q) = -q**3 - 2*q**2 + 2*q - 3. Let t(s) = s**2 - 6*s + 5. Let h be t(4). Let g be c(h). Suppose f + 3*w = 27, f + g*f - 22 = -2*w. Is 5 a factor of f?
False
Suppose -3*v - b = -77, b - 8 = -3*b. Suppose -2*q - w + v = -19, 0 = q + w - 24. Is 20 a factor of q?
True
Suppose 0 = -2*i + 83 + 277. Is 60 a factor of i?
True
Suppose 16 = 4*o - 0. Suppose 2*j + 5*w = 322, 0 = -j - o*j + w + 859. Suppose 5*a = 2*g + j, -3*a + 3*g + g + 111 = 0. Is 14 a factor of a?
False
Let b(t) be the third derivative of -t**4/6 + t**3/3 - 2*t**2. Let l be (1 + (-32)/20)*5. Is 7 a factor of b(l)?
True
Let y be (-4)/(-12)*1*3. Is 10 a factor of y/(2*1/60)?
True
Does 15 divide (-9)/(-2)*7/(84/80)?
True
Suppose 3*d - 80 = -2*d - 3*v, 0 = -2*v - 10. Is 9 a factor of d?
False
Let z = -8 - -13. Is z a multiple of 5?
True
Let i = 8 - -34. Is 14 a factor of 2947/i - (-2)/(-12)?
True
Suppose 4*v - 264 = 36. Suppose v = 4*c - 53. Is c a multiple of 7?
False
Suppose -2*f - 6*y + y = -3, -3*f + 14 = -2*y. Is 3 a factor of f?
False
Suppose -b + 0*b + 14 = 0. Is 3 a factor of b?
False
Let k = 15 + -11. Suppose 3*m - 28 = -5*p, -k*p - 2*m = m - 20. Is 2 a factor of 36/p - (-2)/4?
False
Suppose -3*q - 246 = -60. Let r = 3 - 8. Does 12 divide q/r + (-4)/10?
True
Let a(j) = 78*j**2 - 1. Let t be a(-1). Is t/2 - 2/4 a multiple of 19?
True
Let j(t) = 6*t + 6. Let f(w) = w + 1. Let v(b) = 28*f(b) - 6*j(b). Is v(-4) a multiple of 24?
True
Let y = -38 + 65. Does 6 divide y?
False
Let q = 15 + -10. Suppose -q = k - 21. Does 8 divide k?
True
Let m(b) = b**3 + 8*b**2 - 5*b - 10. Let a = 21 + -29. Is 15 a factor of m(a)?
True
Is (-1)/2 - 45/(-6) a multiple of 5?
False
Let y(z) = -z**2 - 5*z + 2. Let u be y(-4). Suppose -u*v + 2*v + 4 = 0. Let w(g) = 19*g**3 - g**2 + 1. Does 19 divide w(v)?
True
Let h be 3/12*2*0. Suppose h = -l + 4*l - 90. Suppose 0*v + v = l. Is v a multiple of 15?
True
Let w(x) = -x**2 + 12*x - 1. Let t be w(6). Suppose 0 = 3*j - 5*k - t - 8, 16 = 2*j + 3*k. Let b = j + -1. Is b a multiple of 10?
True
Let f(x) = x**2 - 6*x + 6. Let l be f(7). Let y = 3 + l. Is y a multiple of 7?
False
Suppose 3 = -2*l + 13. Suppose 2*a = -2*a - c - 26, 0 = l*a + 4*c + 38. Is 86/6 + a/(-9) a multiple of 15?
True
Suppose 4*c + p - 262 = 0, 5*c - 3*p - 83 - 236 = 0. Is 19 a factor of c?
False
Let w(r) = -r**3 + 29*r**2 - r + 32. Is 3 a factor of w(29)?
True
Suppose 3*d = 2*x + 7*d - 60, -4*x + 147 = -d. Is 9 a factor of x?
True
Let y(q) be the second derivative of -q**5/20 - 2*q**4/3 - q**3/2 - 6*q**2 - 4*q. Is 10 a factor of y(-8)?
False
Suppose 4*j - 442 = -2*k, -460 = -4*j - 3*k + 7*k. Is j a multiple of 28?
True
Let u = 9 - -4. Let z(p) = -3*p**3 + p**2 + 2*p + 3. Let m be z(-2). Let f = m - u. Does 14 divide f?
True
Suppose -15 = 5*v - 3*w - 58, 0 = -2*v + 4*w + 6. Is v a multiple of 7?
False
Suppose 5*n = 6*n - 51. Does 3 divide n/4 + (-7)/(-28)?
False
Suppose -m + 4*p - 9 = 0, m - 16 = -4*p - 1. Let v = m - 0. Suppose -19 = -v*u + 20. Does 13 divide u?
True
Let j(h) = -6*h**2 - 1 - 9 - 5*h + h**3 + 2. Let g be j(7). Let z(y) = y**2 - 5*y + 1. Is 4 a factor of z(g)?
False
Suppose -4*x - 4*w - w = 39, 5*x + 54 = -w. Is 11 a factor of (-10 - 1)*(x + 8)?
True
Let p(s) = -3*s**2 - 5*s + 1. Let x = 4 - 8. Let z be p(x). Let k = z + 46. Is k a multiple of 7?
False
Let k(b) = -b**3 + 2*b**2 + 4*b - 3. Let x be k(3). Suppose 5 + 3 = 3*y - 4*o, x = -3*o + 3. Suppose -8 = y*z - 24. Does 4 divide z?
True
Suppose 5*l = -4*q + 17, l = -5*q + 11 + 26. Does 3 divide q?
False
Let u(z) = -z**3 + 7*z**2 + z - 6. Let i be u(6). Let d = -22 + i. Does 7 divide d?
True
Suppose -5*z + 4 = -11. Let s(j) = -4*j**2 - z + 0*j**2 + 7*j**2. Does 13 divide s(4)?
False
Suppose -2*j + k = -2*k + 5, -4*j = 5*k + 21. Let u be (2/j)/(2/(-72)). Is 3 a factor of (u/(-21))/(1/(-7))?
True
Suppose 0 = -2*t + 3*t + 5, -289 = -3*j + 5*t. Is 20 a factor of j?
False
Let n = -7 - -19. Is n a multiple of 3?
True
Suppose -55 = -y + 5*b, y + 4*b - 27 = 2*b. Is 35 a factor of y?
True
Let c be (-24)/(-5) + 2/10. Let m(q) = q**2 - 3*q - 1. Let u be m(-2). Let o = u - c. Is 4 a factor of o?
True
Let b = 31 + 41. Does 11 divide b?
False
Let d(b) = -b + 4. Let k be d(0). Suppose y - k*y + 56 = 5*m, m = 3*y - 68. Is 13 a factor of y?
False
Let q(y) = -2*y + 1. Let v be q(2). Is 5 a factor of (-2)/(-1) - 51/v?
False
Let a(l) = l**3 + 3*l**2 + 2*l + 3. Suppose 10 = -5*w - 5. Let v be a(w). Let p(h) = -2*h**3 - 2*h**2 - 2. Is p(v)